{"id":6529,"date":"2021-11-30T19:44:17","date_gmt":"2021-11-30T19:44:17","guid":{"rendered":"https:\/\/vinarijasalasnas.rs\/?post_type=product&#038;p=6529"},"modified":"2023-05-11T12:21:45","modified_gmt":"2023-05-11T12:21:45","slug":"merlot-salas-nas","status":"publish","type":"product","link":"https:\/\/vinarijasalasnas.rs\/?product=merlot-salas-nas","title":{"rendered":"Merlot &#8211; Sala\u0161 Na\u0161"},"content":{"rendered":"<p>Sna\u017eni Merlot svojom rubin crvenom bojom koja preliva u tamno ljubi\u010dastu odi\u0161e kvalitetom skladnog bukea i puno\u0107e, sa notama \u0161ljive, duvana i kafe. Mekog je ukusa, pitko, harmoni\u010dno sa izra\u017eenim aromama \u0161umskog vo\u0107a. Prijatna blaga gor\u010dina ovog vina dodaje notu rasko\u0161a u ukusu. Ovo vino ,,tera\u2019\u2019 na igru, smeh i zabavu\u2026 na pesmu, na radost I veselje.<\/p>\n<p>Sortni sastav: Merlot<\/p>\n<p>Serviranje: 14-16\u00b0C<\/p>\n<p>Zapremina: 0,75l<\/p>\n","protected":false},"excerpt":{"rendered":"<p>Sna\u017eni Merlot svojom rubin crvenom bojom koja preliva u tamno ljubi\u010dastu odi\u0161e kvalitetom skladnog bukea i puno\u0107e, sa notama \u0161ljive, duvana i kafe.<\/p>\n","protected":false},"featured_media":6530,"template":"","meta":[],"product_cat":[56],"product_tag":[49,48],"class_list":{"0":"post-6529","1":"product","2":"type-product","3":"status-publish","4":"has-post-thumbnail","6":"product_cat-vino","7":"product_tag-crno","8":"product_tag-vino","10":"first","11":"instock","12":"shipping-taxable","13":"product-type-simple"},"yoast_head":"<!-- This site is optimized with the Yoast SEO plugin v17.5 - https:\/\/yoast.com\/wordpress\/plugins\/seo\/ -->\n<title>Merlot - Sala\u0161 Na\u0161 - Vinarija Sala\u0161 Na\u0161<\/title>\n<meta name=\"robots\" content=\"index, follow, max-snippet:-1, max-image-preview:large, max-video-preview:-1\" \/>\n<link rel=\"canonical\" href=\"https:\/\/vinarijasalasnas.rs\/?product=merlot-salas-nas\" \/>\n<meta property=\"og:locale\" content=\"en_US\" \/>\n<meta property=\"og:type\" content=\"article\" \/>\n<meta property=\"og:title\" content=\"Merlot - Sala\u0161 Na\u0161 - Vinarija Sala\u0161 Na\u0161\" \/>\n<meta property=\"og:description\" content=\"Sna\u017eni Merlot svojom rubin crvenom bojom koja preliva u tamno ljubi\u010dastu odi\u0161e kvalitetom skladnog bukea i puno\u0107e, sa notama \u0161ljive, duvana i kafe.\" \/>\n<meta property=\"og:url\" content=\"https:\/\/vinarijasalasnas.rs\/?product=merlot-salas-nas\" \/>\n<meta property=\"og:site_name\" content=\"Vinarija Sala\u0161 Na\u0161\" \/>\n<meta property=\"article:modified_time\" content=\"2023-05-11T12:21:45+00:00\" \/>\n<meta property=\"og:image\" content=\"https:\/\/vinarijasalasnas.rs\/wp-content\/uploads\/2021\/11\/SalasNas-Merlot.png\" \/>\n\t<meta property=\"og:image:width\" content=\"500\" \/>\n\t<meta property=\"og:image:height\" content=\"1500\" \/>\n<meta name=\"twitter:card\" content=\"summary_large_image\" \/>\n<meta name=\"twitter:label1\" content=\"Est. reading time\" \/>\n\t<meta name=\"twitter:data1\" content=\"1 minute\" \/>\n<script type=\"application\/ld+json\" class=\"yoast-schema-graph\">{\"@context\":\"https:\/\/schema.org\",\"@graph\":[{\"@type\":\"WebSite\",\"@id\":\"https:\/\/vinarijasalasnas.rs\/#website\",\"url\":\"https:\/\/vinarijasalasnas.rs\/\",\"name\":\"Vinarija Sala\\u0161 Na\\u0161\",\"description\":\"\",\"potentialAction\":[{\"@type\":\"SearchAction\",\"target\":{\"@type\":\"EntryPoint\",\"urlTemplate\":\"https:\/\/vinarijasalasnas.rs\/?s={search_term_string}\"},\"query-input\":\"required name=search_term_string\"}],\"inLanguage\":\"en-US\"},{\"@type\":\"ImageObject\",\"@id\":\"https:\/\/vinarijasalasnas.rs\/?product=merlot-salas-nas#primaryimage\",\"inLanguage\":\"en-US\",\"url\":\"https:\/\/vinarijasalasnas.rs\/wp-content\/uploads\/2021\/11\/SalasNas-Merlot-e1683891473860.png\",\"contentUrl\":\"https:\/\/vinarijasalasnas.rs\/wp-content\/uploads\/2021\/11\/SalasNas-Merlot-e1683891473860.png\",\"width\":267,\"height\":800,\"caption\":\"Merlot Vinarija Sala\\u0161 Na\\u0161\"},{\"@type\":\"WebPage\",\"@id\":\"https:\/\/vinarijasalasnas.rs\/?product=merlot-salas-nas#webpage\",\"url\":\"https:\/\/vinarijasalasnas.rs\/?product=merlot-salas-nas\",\"name\":\"Merlot - Sala\\u0161 Na\\u0161 - Vinarija Sala\\u0161 Na\\u0161\",\"isPartOf\":{\"@id\":\"https:\/\/vinarijasalasnas.rs\/#website\"},\"primaryImageOfPage\":{\"@id\":\"https:\/\/vinarijasalasnas.rs\/?product=merlot-salas-nas#primaryimage\"},\"datePublished\":\"2021-11-30T19:44:17+00:00\",\"dateModified\":\"2023-05-11T12:21:45+00:00\",\"breadcrumb\":{\"@id\":\"https:\/\/vinarijasalasnas.rs\/?product=merlot-salas-nas#breadcrumb\"},\"inLanguage\":\"en-US\",\"potentialAction\":[{\"@type\":\"ReadAction\",\"target\":[\"https:\/\/vinarijasalasnas.rs\/?product=merlot-salas-nas\"]}]},{\"@type\":\"BreadcrumbList\",\"@id\":\"https:\/\/vinarijasalasnas.rs\/?product=merlot-salas-nas#breadcrumb\",\"itemListElement\":[{\"@type\":\"ListItem\",\"position\":1,\"name\":\"Home\",\"item\":\"https:\/\/vinarijasalasnas.rs\/\"},{\"@type\":\"ListItem\",\"position\":2,\"name\":\"Shop\",\"item\":\"https:\/\/vinarijasalasnas.rs\/?page_id=19\"},{\"@type\":\"ListItem\",\"position\":3,\"name\":\"Merlot &#8211; Sala\\u0161 Na\\u0161\"}]}]}<\/script>\n<!-- \/ Yoast SEO plugin. -->","yoast_head_json":{"title":"Merlot - Sala\u0161 Na\u0161 - Vinarija Sala\u0161 Na\u0161","robots":{"index":"index","follow":"follow","max-snippet":"max-snippet:-1","max-image-preview":"max-image-preview:large","max-video-preview":"max-video-preview:-1"},"canonical":"https:\/\/vinarijasalasnas.rs\/?product=merlot-salas-nas","og_locale":"en_US","og_type":"article","og_title":"Merlot - Sala\u0161 Na\u0161 - Vinarija Sala\u0161 Na\u0161","og_description":"Sna\u017eni Merlot svojom rubin crvenom bojom koja preliva u tamno ljubi\u010dastu odi\u0161e kvalitetom skladnog bukea i puno\u0107e, sa notama \u0161ljive, duvana i kafe.","og_url":"https:\/\/vinarijasalasnas.rs\/?product=merlot-salas-nas","og_site_name":"Vinarija Sala\u0161 Na\u0161","article_modified_time":"2023-05-11T12:21:45+00:00","og_image":[{"width":500,"height":1500,"url":"https:\/\/vinarijasalasnas.rs\/wp-content\/uploads\/2021\/11\/SalasNas-Merlot.png","type":"image\/png"}],"twitter_card":"summary_large_image","twitter_misc":{"Est. reading time":"1 minute"},"schema":{"@context":"https:\/\/schema.org","@graph":[{"@type":"WebSite","@id":"https:\/\/vinarijasalasnas.rs\/#website","url":"https:\/\/vinarijasalasnas.rs\/","name":"Vinarija Sala\u0161 Na\u0161","description":"","potentialAction":[{"@type":"SearchAction","target":{"@type":"EntryPoint","urlTemplate":"https:\/\/vinarijasalasnas.rs\/?s={search_term_string}"},"query-input":"required name=search_term_string"}],"inLanguage":"en-US"},{"@type":"ImageObject","@id":"https:\/\/vinarijasalasnas.rs\/?product=merlot-salas-nas#primaryimage","inLanguage":"en-US","url":"https:\/\/vinarijasalasnas.rs\/wp-content\/uploads\/2021\/11\/SalasNas-Merlot-e1683891473860.png","contentUrl":"https:\/\/vinarijasalasnas.rs\/wp-content\/uploads\/2021\/11\/SalasNas-Merlot-e1683891473860.png","width":267,"height":800,"caption":"Merlot Vinarija Sala\u0161 Na\u0161"},{"@type":"WebPage","@id":"https:\/\/vinarijasalasnas.rs\/?product=merlot-salas-nas#webpage","url":"https:\/\/vinarijasalasnas.rs\/?product=merlot-salas-nas","name":"Merlot - Sala\u0161 Na\u0161 - Vinarija Sala\u0161 Na\u0161","isPartOf":{"@id":"https:\/\/vinarijasalasnas.rs\/#website"},"primaryImageOfPage":{"@id":"https:\/\/vinarijasalasnas.rs\/?product=merlot-salas-nas#primaryimage"},"datePublished":"2021-11-30T19:44:17+00:00","dateModified":"2023-05-11T12:21:45+00:00","breadcrumb":{"@id":"https:\/\/vinarijasalasnas.rs\/?product=merlot-salas-nas#breadcrumb"},"inLanguage":"en-US","potentialAction":[{"@type":"ReadAction","target":["https:\/\/vinarijasalasnas.rs\/?product=merlot-salas-nas"]}]},{"@type":"BreadcrumbList","@id":"https:\/\/vinarijasalasnas.rs\/?product=merlot-salas-nas#breadcrumb","itemListElement":[{"@type":"ListItem","position":1,"name":"Home","item":"https:\/\/vinarijasalasnas.rs\/"},{"@type":"ListItem","position":2,"name":"Shop","item":"https:\/\/vinarijasalasnas.rs\/?page_id=19"},{"@type":"ListItem","position":3,"name":"Merlot &#8211; Sala\u0161 Na\u0161"}]}]}},"_links":{"self":[{"href":"https:\/\/vinarijasalasnas.rs\/index.php?rest_route=\/wp\/v2\/product\/6529","targetHints":{"allow":["GET"]}}],"collection":[{"href":"https:\/\/vinarijasalasnas.rs\/index.php?rest_route=\/wp\/v2\/product"}],"about":[{"href":"https:\/\/vinarijasalasnas.rs\/index.php?rest_route=\/wp\/v2\/types\/product"}],"wp:featuredmedia":[{"embeddable":true,"href":"https:\/\/vinarijasalasnas.rs\/index.php?rest_route=\/wp\/v2\/media\/6530"}],"wp:attachment":[{"href":"https:\/\/vinarijasalasnas.rs\/index.php?rest_route=%2Fwp%2Fv2%2Fmedia&parent=6529"}],"wp:term":[{"taxonomy":"product_cat","embeddable":true,"href":"https:\/\/vinarijasalasnas.rs\/index.php?rest_route=%2Fwp%2Fv2%2Fproduct_cat&post=6529"},{"taxonomy":"product_tag","embeddable":true,"href":"https:\/\/vinarijasalasnas.rs\/index.php?rest_route=%2Fwp%2Fv2%2Fproduct_tag&post=6529"}],"curies":[{"name":"wp","href":"https:\/\/api.w.org\/{rel}","templated":true}]}}